15))?
59
What is 7 + 15 + -6 - (-7 + 10 + 0 + -13)?
26
What is (21 - -71) + -132 + -59?
-99
What is the value of -9 + -2 + 3 - (-5 + 21 + -12)?
-12
Calculate 23 + (40 - (15 - -36)).
12
What is -16 - -2 - ((-13 - (9 + 2)) + -7)?
17
Calculate 48 + -1 - (0 + 54 + -24 + -8).
25
What is -40 - (33 - 84) - 72?
-61
Calculate (-9 - -7) + -12 + 17 + (-2 - -11) + 1.
13
Calculate 7 - (-27 + (-2 + (0 - 1) - (-332 + 336))).
41
What is the value of 14 + (19 - (-22 + 22 - -21))?
12
Calculate -5 - (-111 - -65 - -154).
-113
Calculate 28 + -88 - (4 + 2 - (10 - 14) - 9).
-61
(-9 - (-17 - -11)) + 5 + 27 + 7
36
What is 0 + (-7 - -15) - 9 - (25 + -11)?
-15
44 + -42 - (2 + 15) - (67 + -32)
-50
What is -39 + -13 + 14 + -4 + -12 + -1?
-55
(-11 - 5) + (-57 - (39 - 59))
-53
Calculate -233 + 241 + (-14 - 3) + -43.
-52
Evaluate (3 - (-14 - 1)) + 28 + -21 + -14.
11
Calculate -117 + 209 + -88 + (0 - (-2 + 5)) + 52.
53
What is 22 - (4 - (-3 + -86 + 88 + (3 - 1)))?
19
What is the value of (-6 - (-22 - ((-11 - 47) + 26))) + (-2 - -5)?
-13
Evaluate 524 + -511 - ((2 - -48) + 0 + 3).
-40
What is -4 + (-111 - -146) + (-2 + -1 + -5 - 1)?
22
-4 + -9 + -7 + 24 + 2 + 4
10
(2 - 24) + (176 - (185 - 149))
118
What is 155 + (-273 - -113) - (0 - (-1 + -1 - -68))?
61
What is the value of -8 - (2 + 1) - (35 + -39) - (-22 - 10)?
25
What is the value of 5 + -1 + 6 + (16 - 1 - (47 + -61))?
39
What is the value of -141 - ((9 - 18) + -8 + (11 - 9 - -6))?
-132
Evaluate -81 - ((168 - 13) + -126).
-110
Calculate -26 - (11 - 6 - 82 - 7).
58
-54 + -15 + 12 - -48
-9
What is 5 - (-3 - -2) - (41 - 124 - -49)?
40
Calculate -43 + -6 + 27 + -2 + -16.
-40
What is (-3 + -1 - 13) + (147 - 42)?
88
Evaluate 35 + (-4 - 9) - (-34 + 30).
26
What is (-40 + -1 + 34 - 1) + 155?
147
Calculate -4 + 5 + -4 + -28 + (1053 - 1036).
-14
What is the value of -13 + 20 + 4 + -32 + 7 + -42?
-56
What is the value of (7 + -18 - -10) + -7 + (19 - 2) + -36?
-27
Evaluate (-95 - -6 - -46) + -41.
-84
What is 38 + -46 + (15 - 0) - (6 - 20)?
21
-24 + -12 + 52 + -22 - (-9 + -2)
5
31 + -10 + (-10 - -14 - 38)
-13
Evaluate -19 - (-6 - 3) - (38 + (-23 - 31)).
6
What is the value of 13 + (4 - 28) + (60 - 0) - 9?
40
What is the value of -73 + 38 - (-153 - -62)?
56
What is the value of 12 - ((0 + 0 - -28) + 9 + 9)?
-34
What is the value of -3 + (10 - (0 - -1)) - (-114 + 120)?
0
What is -30 - (2 + 5 + (-54 - -56))?
-39
Evaluate (-3 - -2 - (-42 - (5 - 47))) + 9 + 1.
9
What is the value of -41 - (-99 - (33 + -69) - -26)?
-4
Evaluate -4 + (-125 - (-39 + (28 - 2))).
-116
Calculate 23 - 11 - (-12 - 13 - 18).
55
Calculate -8 + 9 + 7 - (-9 - (-5 - -6)).
18
What is -181 + 295 - ((4 - 7) + 14)?
103
Evaluate 9 + (8 + -1 - 10) + -2 + 108 + 12.
124
(1 - (0 - -10)) + (40 - (40 - 12)) - 42
-39
What is (4 - (9 - ((-7 - -5) + -2))) + (-27 - -69)?
33
Calculate -136 - -127 - (-10 + 2) - (-7 - 11).
17
-13 - (-16 - (2 + -9) - 49)
45
Evaluate (0 + 5 - 1) + -29 + 51 + -17 - 10.
-1
7 + (-3 - 0) + -470 + 468
2
Evaluate (-7 + 20 - 0) + -1 - (-84 - -53).
43
Evaluate (-17 - 5) + -6 + -11.
-39
Evaluate 56 - ((24 - 50) + 48).
34
What is -39 - (-1174 + 1204 - (-1 - -54))?
-16
What is -119 - (-54 - 67 - -68)?
-66
What is the value of 3 - (5 - 0) - (-2075 - -2043)?
30
Calculate (16 - (-63 + 90)) + 24.
13
Evaluate (519 - 525) + -12 + (6 - 2).
-14
What is the value of 20 - (14 + -30 + 12 + 51)?
-27
What is -6 + (-2 - -1) - (-71 + -14 - (20 + -11))?
87
What is -112 - (-41 - (10 + -30 + 4))?
-87
7 + 3 + (-15 - 1 - -3) + -5 + -9
-17
What is 2 + -1 + 71 + (-327 - (-343 + -2))?
90
What is the value of -12 + 6 - (163 + -195)?
26
(-87 - (-65 + -19)) + 46 + (-1 - 0)
42
What is -10 + 2 + -33 + -24 + -16 + 31?
-50
What is 7 + -22 + -14 - (4 - -8) - -4?
-37
Evaluate 32261 + -32237 - (2 - (-1 - 69)).
-48
What is the value of 8 + (-173 + 84 - -126)?
45
What is the value of 51 + -132 + 83 + (5 - 2) + 69?
74
What is 12 + ((-21 - -30) + (-6 - -1) - (2 + -9))?
23
Evaluate 267 + -274 - (-19 - 0) - 2.
10
What is the value of -20 + (-20 + 6 - (4 - 5 - 8))?
-25
Evaluate (-3 - -6) + -64 + 5 + (-4 + 35 - 39).
-64
